List the prime factors of 3490916648.
2, 73, 307, 19471
List the prime factors of 42234247.
11, 47, 151, 541
What are the prime factors of 241164313?
13, 461, 40241
List the prime factors of 419297889.
3, 23, 6076781
What are the prime factors of 429508817?
283, 1517699
List the prime factors of 41014744.
2, 17, 301579
What are the prime factors of 47146538?
2, 113, 227, 919
What are the prime factors of 834704888?
2, 104338111
List the prime factors of 309671431.
31, 1307, 7643
What are the prime factors of 18420993?
3, 682259
What are the prime factors of 2562150280?
2, 5, 277, 231241
What are the prime factors of 4918187594?
2, 577, 857, 4973
What are the prime factors of 173314928?
2, 191, 56713
What are the prime factors of 1617224887?
569, 2842223
What are the prime factors of 602914985?
5, 23, 641, 8179
What are the prime factors of 448023978?
2, 3, 4001, 6221
List the prime factors of 105936984.
2, 3, 163483
List the prime factors of 21281878.
2, 10640939
What are the prime factors of 27041832?
2, 3, 17, 22093
What are the prime factors of 3418014?
2, 3, 79, 7211
What are the prime factors of 164759909?
6961, 23669
What are the prime factors of 891466925?
5, 35658677
List the prime factors of 272391767.
139, 653, 3001
What are the prime factors of 38949625?
5, 11, 13, 2179
What are the prime factors of 900685211?
17, 52981483
What are the prime factors of 302901447?
3, 100967149
List the prime factors of 115961806.
2, 1637, 35419
What are the prime factors of 305344735?
5, 17, 3592291
What are the prime factors of 246951152?
2, 7, 103, 21407
What are the prime factors of 821002867?
6829, 120223
What are the prime factors of 22374503?
431, 51913
What are the prime factors of 1652968428?
2, 3, 6337, 21737
What are the prime factors of 334378575?
3, 5, 41, 67, 541
What are the prime factors of 269874628?
2, 41, 607, 2711
List the prime factors of 281734162.
2, 140867081
List the prime factors of 199676704.
2, 31, 201287
List the prime factors of 206359850.
2, 5, 79, 89, 587
List the prime factors of 83444225.
5, 41, 81409
What are the prime factors of 1196792456?
2, 971, 154067
What are the prime factors of 34183559?
34183559
What are the prime factors of 15653412?
2, 3, 48313
List the prime factors of 1039485870.
2, 3, 5, 43, 113, 2377
List the prime factors of 13000763.
103, 113, 1117
List the prime factors of 70656115.
5, 23, 463, 1327
What are the prime factors of 115574197?
5227, 22111
What are the prime factors of 268645556?
2, 557, 120577
What are the prime factors of 306814527?
3, 19, 598079
List the prime factors of 130302582.
2, 3, 457, 47521
List the prime factors of 450894170.
2, 5, 1033, 43649
What are the prime factors of 4804340752?
2, 47, 6388751
What are the prime factors of 1611312651?
3, 13, 19, 724837
List the prime factors of 1808148995.
5, 41, 1277, 6907
List the prime factors of 54888715.
5, 7, 47, 61, 547
List the prime factors of 2064319541.
2064319541
List the prime factors of 269523925.
5, 11, 61, 16067
What are the prime factors of 19151212?
2, 4787803
List the prime factors of 401119429.
1303, 307843
What are the prime factors of 196048615?
5, 7, 5601389
List the prime factors of 86951829.
3, 269, 107747
What are the prime factors of 1630538522?
2, 127, 6419443
List the prime factors of 514064672.
2, 11, 29, 50359
What are the prime factors of 386822031?
3, 449, 287173
List the prime factors of 168624482.
2, 13, 53, 9413
What are the prime factors of 211716769?
11, 19246979
What are the prime factors of 124405064?
2, 7, 67, 71, 467
What are the prime factors of 35233447?
23, 79, 19391
List the prime factors of 3687850.
2, 5, 73757
List the prime factors of 186633587.
7, 37, 61, 11813
List the prime factors of 399058651.
15349, 25999
List the prime factors of 414476705.
5, 82895341
What are the prime factors of 199398076?
2, 31, 257, 6257
List the prime factors of 5765306023.
503, 1231, 9311
What are the prime factors of 47978028?
2, 3, 7, 63463
List the prime factors of 42563727.
3, 37, 127819
List the prime factors of 676879130.
2, 5, 67687913
What are the prime factors of 678305666?
2, 173, 1960421
List the prime factors of 202033204.
2, 89, 541, 1049
List the prime factors of 103719313.
103719313
List the prime factors of 1059993936.
2, 3, 7361069
What are the prime factors of 113427326?
2, 31, 1829473
What are the prime factors of 311398072?
2, 83, 468973
List the prime factors of 141854112.
2, 3, 164183
What are the prime factors of 4260546565?
5, 11, 23, 3368021
What are the prime factors of 101542194?
2, 3, 13, 19, 23, 331
What are the prime factors of 640636761?
3, 14461, 14767
List the prime factors of 1378173347.
769, 1792163
List the prime factors of 100231291.
1039, 96469
What are the prime factors of 1298643225?
3, 5, 11, 41, 38393
List the prime factors of 391679722.
2, 7, 67, 211, 1979
What are the prime factors of 32627073?
3, 10875691
List the prime factors of 394357564.
2, 98589391
What are the prime factors of 54885924?
2, 3, 56467
List the prime factors of 112506388.
2, 28126597
List the prime factors of 300920007.
3, 31, 1609, 2011
List the prime factors of 58950433.
181, 325693
List the prime factors of 1719867134.
2, 17257, 49831
List the prime factors of 751163880.
2, 3, 5, 2309, 2711
List the prime factors of 1637907954.
2, 3, 349, 782191
What are the prime factors of 2932238007?
3, 23, 615887
List the prime factors of 115320521.
3697, 31193
What are the prime factors of 147745156?
2, 13, 163, 17431
List the prime factors of 39504937.
37, 1067701
What are the prime factors of 1897131837?
3, 151, 4187929
List the prime factors of 18343162.
2, 9171581
What are the prime factors of 20116238?
2, 1697, 5927
What are the prime factors of 173957297?
2089, 83273
What are the prime factors of 59620568?
2, 7, 1064653
List the prime factors of 2301978128.
2, 41, 3509113
What are the prime factors of 834296244?
2, 3, 29, 2397403
List the prime factors of 114483906.
2, 3, 6360217
What are the prime factors of 799453354?
2, 7, 57103811
What are the prime factors of 188792131?
11, 67, 256163
What are the prime factors of 2042489246?
2, 7, 19, 47, 23339
What are the prime factors of 44241822?
2, 3, 83, 9871
What are the prime factors of 675624361?
675624361
What are the prime factors of 40044174?
2, 3, 6674029
List the prime factors of 37696090.
2, 5, 3769609
List the prime factors of 66784019.
23, 677, 4289
List the prime factors of 158526743.
158526743
List the prime factors of 480051556.
2, 251, 478139
List the prime factors of 4735811850.
2, 3, 5, 7, 11, 521, 787
What are the prime factors of 21293246?
2, 13, 97, 8443
What are the prime factors of 7103529340?
2, 5, 355176467
What are the prime factors of 43074247?
197, 218651
What are the prime factors of 180305731?
29, 1427, 4357
What are the prime factors of 144926197?
13, 23, 484703
List the prime factors of 1286190910.
2, 5, 41, 3137051
What are the prime factors of 616380562?
2, 7, 107, 411469
What are the prime factors of 8584204608?
2, 3, 7, 709673
What are the prime factors of 66373127?
66373127
List the prime factors of 760248541.
13, 58480657
What are the prime factors of 65037834?
2, 3, 61, 59233
List the prime factors of 2268500435.
5, 53, 1571, 5449
What are the prime factors of 763761814?
2, 381880907
What are the prime factors of 197873691?
3, 61, 1081277
What are the prime factors of 8583695?
5, 503, 3413
List the prime factors of 53686562.
2, 53, 571, 887
List the prime factors of 1373637502.
2, 17, 40401103
List the prime factors of 67521447.
3, 7, 977, 1097
What are the prime factors of 123022142?
2, 61511071
List the prime factors of 11658856.
2, 11, 19, 367
List the prime factors of 152874506.
2, 17, 4496309
What are the prime factors of 2520592837?
7, 73, 967, 5101
What are the prime factors of 89436991?
7, 1697, 7529
What are the prime factors of 75156222?
2, 3, 401, 31237
List the prime factors of 627665696.
2, 7, 400297
List the prime factors of 192777923.
13, 14829071
List the prime factors of 292978688.
2, 8941
What are the prime factors of 2677321857?
3, 7, 17, 43, 174407
List the prime factors of 33039342.
2, 3, 7, 262217
List the prime factors of 65326434.
2, 3, 10887739
List the prime factors of 793277395.
5, 15